Let k = 17 + -23. Let q(y) = -y**2 - 7*y + 7. Let z be q(k). Calculate the greatest common divisor of 39 and z.
13
Let a(n) = -3*n**2 + 11*n - 5. Let f(u) = u**2 - u - 1. Let o(g) = a(g) + 2*f(g). Let x be o(7). What is the greatest common factor of x and 77?
7
Let w be (-6)/(-2) + 32 + -2. What is the highest common factor of w and 3?
3
Let a(f) = f**3 - 13*f**2 + 6*f - 1. Let g be a(13). Calculate the highest common divisor of 7 and g.
7
Suppose 0 = -0*r + 4*r - 48. Let c = 8 - 5. Calculate the greatest common factor of c and r.
3
Let f be (1/(-2))/((-10)/80). What is the greatest common factor of 16 and f?
4
Suppose -h + 6 = -2*o, -2*o - 4 = -3*h - 2. Let r be o/10*(1 + -16). Let d = 65 - 11. Calculate the greatest common factor of d and r.
6
Suppose -2*g + 10 = 4*n, 5*g + 0*g + 5 = 0. Suppose -72 = -n*u + 30. Suppose 2*s = -4*v + 28, 4*v - s - u = 6. Calculate the highest common factor of 99 and v.
9
Suppose -16 = -5*u + 3*u. Let f(w) = 7*w + 10. Let q be f(2). Calculate the highest common divisor of u and q.
8
Let u(o) = -o + 15. Let r(l) = l**3 + 4*l**2. Let z be r(-4). Suppose -3*c + 8*c = z. Let s be u(c). What is the highest common factor of s and 3?
3
Suppose -2*p + p + 5*o + 53 = 0, -49 = -p + 4*o. Calculate the highest common divisor of 3 and p.
3
Suppose -8*v = 113 - 305. What is the highest common factor of 40 and v?
8
Suppose -86 - 29 = 5*z. Let o be 6/21 - (-243)/7. Let k = o + z. What is the greatest common divisor of 3 and k?
3
Suppose x = 2*s - 2, -x + 6*s - 2*s - 10 = 0. Calculate the greatest common divisor of 42 and x.
6
Let k be ((-1)/(-2))/(3/6). What is the highest common factor of 4 and k?
1
Let a(b) = 9*b. Let m(l) = -l. Let q(y) = -a(y) + 6*m(y). Let v be q(-7). Calculate the greatest common factor of 21 and v.
21
Let d(r) = -13*r + 2. Let q(k) = 13*k - 1. Let n(c) = -2*d(c) - 3*q(c). Let a be n(-4). Suppose -5*s + 49 = -a. Calculate the highest common factor of s and 4.
4
Suppose -2*i = -38 - 6. What is the highest common divisor of i and 33?
11
Suppose 0 = -q - 4*q + 30. Let p = q + -2. Let i be p + (-6)/3 - -6. What is the highest common factor of i and 16?
8
Suppose -7*s + 4*s = -6. Let u be s/6 - 70/(-6). Let z(h) = -11*h + 6. Let a be z(-6). What is the greatest common divisor of u and a?
12
Suppose -2*x = -5*x + 27. Let l = 49 - 25. Let r = l - 23. What is the highest common divisor of x and r?
1
Suppose 11 - 5 = 3*z. Let o = 23 + -7. Suppose -o = -z*i + i. Calculate the highest common divisor of i and 32.
16
Let f(k) = -6 + 0*k**2 - 5*k + 16*k - k**2. Let v be f(9). What is the greatest common factor of v and 36?
12
Let c(y) = -3*y**2 + 7 + 2*y**2 + 0*y**2. Let g be c(0). Let d = 1 + g. What is the highest common divisor of d and 8?
8
Let k = -115 - -121. Let d(n) = n**3 - 6*n**2 + 4*n - 8. Let w be d(6). Let b be 4/18 - w/(-9). What is the greatest common factor of b and k?
2
Suppose 15 = 5*r, -3*m - m - 1094 = 2*r. Let l = -179 - m. Calculate the highest common divisor of 12 and l.
12
Let l be 6 + -2 + 68 + 6. Let p(o) = -o**3 + 9*o**2 - 11*o + 5. Let h = -8 - -15. Let w be p(h). Calculate the greatest common factor of l and w.
26
Suppose 5*z + 5*o - 4 = o, 5*z = 3*o + 32. Let u be (8/3 - 0)*3. Suppose 3*i = 5*i - u. What is the highest common divisor of i and z?
4
Suppose -v + 73 = 5*n, -4*v - 4*n = -9*n - 317. Let c(r) = r**3 + 35*r**2 - 34*r + 85. Let i be c(-36). Calculate the greatest common divisor of i and v.
13
Suppose -5*w + 210 = 5*k, -3*w - 2*w = -15. Suppose -5*o = a - 38, a = 2*o + 2 + 1. Calculate the greatest common factor of k and a.
13
Let g be -33 - -4*(-1)/2. Let n = -13 - g. Calculate the greatest common factor of n and 22.
22
Let m = -6 - -26. What is the highest common factor of m and 8?
4
Suppose -7*z = -4*z - 4*d - 13, -5 = -3*z - 4*d. Suppose 0 = 3*a + 2*y - 98, 4*y = z*a - 112 + 2. Calculate the greatest common divisor of 51 and a.
17
Let i be 55/(-5) - (-2)/(-2). Let u be (-3)/(-12) - 753/i. What is the greatest common divisor of 9 and u?
9
Suppose 265 = l + 4*l. Suppose -4*x - l = -3*v, -3*x - 40 = -5*v - 6*x. What is the highest common divisor of 88 and v?
11
Let p(g) = 5 + g**2 - 2*g**2 + 2*g**2 + 5*g. Let k be p(-5). Let c(s) = s**3 - 6*s**2 + 6*s + 1. Let b be c(k). What is the highest common divisor of 9 and b?
3
Suppose 2*p + 31 = 67. Let g(b) = -19*b - 3. Let k be g(-3). Calculate the greatest common divisor of p and k.
18
Let k = -218 - -825. Suppose -3*c - 5*p = -k, 4*p + 297 = 3*c - 346. Calculate the greatest common divisor of 19 and c.
19
Let z(g) = 3*g**3 + 0 + 11*g**2 - 7 + 9*g + 2*g - 2*g**3. Let i be z(-9). Calculate the greatest common divisor of 14 and i.
14
Let a(z) = z + 24. Let o be a(-12). Calculate the highest common divisor of 3 and o.
3
Let t = -52 + 55. What is the greatest common divisor of 3 and t?
3
Suppose -3*w = -4*w + 8. Suppose 4*a - 2*d = 78 - w, -3*a + 3*d = -54. Let c = -9 + a. What is the highest common divisor of 8 and c?
8
Suppose -115 = -n - 40. Suppose 3*b + 0*b = -36. Let j = b + 27. What is the greatest common divisor of j and n?
15
Suppose -30 = 5*l - 8*l. Let t be (-2)/(-8) - 237/(-12). What is the highest common factor of t and l?
10
Let k be 2889/45 - (-2)/(-10). What is the greatest common factor of 8 and k?
8
Let b be (-4)/14 - 30/(-7). Suppose 0 = n - 5*n. Suppose n*h - 94 = -3*s - h, 2*s - 62 = -h. What is the greatest common factor of s and b?
4
Let i(q) = 1. Let z(n) = 9*n - 2. Let o(d) = 4*i(d) + z(d). Let g be o(6). What is the greatest common factor of 8 and g?
8
Let a be 3/(((-8)/22)/(-4)). What is the greatest common divisor of a and 11?
11
Suppose 0 = -16*x + 13*x + 12. Suppose m - 1 = 11. What is the greatest common factor of m and x?
4
Suppose 9*f - 22*f + 1365 = 0. What is the highest common divisor of 21 and f?
21
Let u(h) = 3*h + 6. Let t be u(-6). Let p = t + 20. Suppose -50 = -3*l + q, -5*q = -4*l + 35 + 39. Calculate the greatest common factor of p and l.
8
Suppose 7*v - 3*v - 20 = 0. Suppose 15 = v*d, 19 = 3*z + 3*d - 68. Let l(c) = c**2 - 3. Let o be l(-9). Calculate the greatest common divisor of o and z.
26
Let z(a) = -a**2 + 2*a - 1. Let i be z(3). Let c(r) = 3*r + 1 + 3*r**2 + 2 + 3. Let n be c(i). Calculate the highest common factor of 6 and n.
6
Let s = -5 - -129. Calculate the highest common factor of 31 and s.
31
Let i be (-2)/8 - (-34)/8. Let r(y) = y**2 - 3. Let a be r(i). Suppose 3*p + z = -0*z + 392, -4*z + 268 = 2*p. Calculate the greatest common factor of p and a.
13
Suppose 8*m - 2298 + 138 = 0. What is the greatest common divisor of 108 and m?
54
Suppose 3*k + 4*a = 15 - 1, -4*k + 3*a + 52 = 0. Let c be (-75)/k*(-16)/3. Calculate the greatest common factor of c and 5.
5
Let l(m) = -m + 3. Let d be l(2). Suppose 3*s = 6 - 3. Let r be 20*(s + -1 + d). Calculate the highest common divisor of r and 30.
10
Let v be (-416)/(-6) + 1/(-3). Let k = -43 + v. Suppose 5*b = 4*t - 166, 121 = 4*t - t - 2*b. What is the highest common divisor of t and k?
13
Let f(r) = -2*r**3 - 3*r**2 + 12*r + 10. Let y be f(-4). Calculate the highest common factor of y and 420.
42
Let v be -2 - (-2 - -1) - 94. Let d = v + 175. Let u(x) = -x + 25. Let j be u(15). Calculate the highest common divisor of j and d.
10
Let q(b) = -4*b + 26. Let v be q(-7). Calculate the greatest common factor of 36 and v.
18
Suppose 4*l - 12 = 4*x, -x - 4*x = -l + 3. Suppose -2*f + 55 = b - f, -4*b + 219 = l*f. What is the highest common factor of 36 and b?
18
Let j(i) = 43*i - 3. Let k be j(1). What is the greatest common divisor of k and 8?
8
Suppose 3*i - 61 - 14 = -3*w, -119 = -5*w - 3*i. What is the greatest common factor of w and 33?
11
Let p be (-3)/(-2)*8/6. Suppose p*c = 30 + 86. Suppose -19 = m - c. What is the highest common factor of 13 and m?
13
Let o = -80 + 223. Calculate the highest common divisor of o and 11.
11
Let o = -29 + 37. What is the greatest common divisor of 24 and o?
8
Suppose -5*b + 382 = 17. Suppose 5*u = -4*n + b, 3*n - 7 = 5*u + 4. Calculate the highest common factor of 24 and n.
12
Suppose -2*h - 4*k = 0, 3*h - 45 = 5*k - 2*k. Suppose 5*p - 10 - h = 0. Suppose -p = -l - 3*l. Calculate the highest common factor of 3 and l.
1
Let k be 24/(-30)*10/(-4). Let v be (-3)/6*k - -15. What is the highest common factor of